vided by (d/(-10))/(2/30).
23
Suppose 8*k + k = 333. What is the remainder when 145 is divided by k?
34
Let h(n) = -29*n. Let l be (-12)/(-9)*6/4. Let m be h(l). Let u = -41 - m. What is the remainder when 66 is divided by u?
15
Suppose 3*c = -2*d + 10 + 39, c - 90 = -5*d. Suppose -3*l - 5*a + 133 = -256, 3*l = 3*a + 405. Calculate the remainder when l is divided by d.
14
Suppose -m + 30 = -18. Suppose m*l - 44*l = 52. Let a = -31 + 66. What is the remainder when a is divided by l?
9
Let z = 38 - 7. What is the remainder when z is divided by (-16)/2*(-3)/(-3)*-2?
15
Let w(g) = g**2 + 21*g - 35. What is the remainder when 29 is divided by w(-23)?
7
Let w be (3/5)/((-11)/(-55)). Suppose -3*g + 2*v = -40, 2*v = w*v - 4. Calculate the remainder when 78 is divided by g.
14
Let n = 3373 - 3345. Suppose 2*q - q = 139. Calculate the remainder when q is divided by n.
27
Suppose -3*n = 5*f - 79, -5*n - 52 + 213 = f. Suppose y + 3 = 0, -2*b + 2*y = 3*y - n. What is the remainder when 71 is divided by b?
17
Calculate the remainder when 559 is divided by (1 + 19/2)/((-93)/(-620)).
69
Let b be 0 + -1*(-18 - 1). Suppose -5*g = -5*t + 65, -2*t + 10 = -3*g - b. What is the remainder when 18 is divided by t?
8
Let c = 48 + 26. Let s = c + -32. What is the remainder when s is divided by 9?
6
Suppose 20 + 20 = -8*u. Let w(y) = -y - 8. Let l(c) = -2*c - 17. Let m(r) = -4*l(r) + 7*w(r). Calculate the remainder when m(u) is divided by 4.
3
Let k = 469 - 408. Calculate the remainder when k is divided by 17.
10
Let p(n) = 57*n + 4. Let a(u) = 6100*u + 427. Let g(m) = -4*a(m) + 427*p(m). Calculate the remainder when g(-1) is divided by (-12)/(231/28 - 9).
13
Let n(k) = -153*k + 642. What is the remainder when 290 is divided by n(4)?
20
Let r be 6 + ((-2)/1 - -1). Suppose -36 = -r*v - 16. What is the remainder when 15 is divided by v?
3
Suppose 0 = -v + 5*v - 76. Calculate the remainder when (121 - 8) + 2*-1 is divided by v.
16
Let k = 9 - 7. Let h(z) = 14*z - 3. Let w = 24 + -10. What is the remainder when h(k) is divided by w?
11
Let o be (4/(-12))/((-3)/144). Let k = -4 + o. Calculate the remainder when 34 is divided by k.
10
Suppose 2*s = 2, 0 = 3*g - 2*s - 46 - 3. What is the remainder when 63 is divided by g?
12
Let p(j) be the third derivative of j**5/60 + 17*j**4/24 + 5*j**3/2 - 11*j**2. Calculate the remainder when p(-17) is divided by 8.
7
Suppose -18 = 7*b - 10*b. Let v be 4/6*b + -2. Suppose -3*z + 73 = -v*l - 75, 5*l + 240 = 5*z. Calculate the remainder when z is divided by 18.
16
Suppose 2*d - 8 = 6*d. Let u = -80 + 117. Calculate the remainder when u is divided by d/3 - 124/(-6).
17
Let k = 1587 - 1129. Calculate the remainder when k is divided by 66.
62
Suppose -4*x + 2 = 2*n, -2*x + 5 + 2 = -5*n. Suppose -21 + x = -5*u. Suppose -2*p - u + 8 = 0, l + 2*p - 32 = 0. What is the remainder when 53 is divided by l?
25
Let a = -1869 - -1879. What is the remainder when 809 is divided by a?
9
Let j(i) = -4*i**2. Let o be j(-2). Let b = 25 + o. Suppose 3*f - b = 27. What is the remainder when f is divided by 5?
2
Suppose -5*x + 315 = 3*c, 0 = 4*c - 6*c + 5*x + 235. Calculate the remainder when c is divided by 30.
20
Let f(w) = -w**3 - 4*w**2 + 7*w - 18. Calculate the remainder when 59 is divided by f(-6).
11
Let x be (-70)/(-9) + (-12)/(-54). Suppose -4*i - 36 = -x*i. Calculate the remainder when 25 is divided by i.
7
Suppose 22*a + 4 = 24*a. Suppose -6*b + 1042 = -a*b + 2*g, -530 = -2*b + 2*g. Let i = -153 + b. Calculate the remainder when i is divided by 37.
35
Suppose -3*t - 55 = -4*v, 5*v = 9*t - 12*t + 89. What is the remainder when 38 is divided by v?
6
Suppose 37*b + 0*b - 117 = 24*b. Suppose -v = -9 - 17. What is the remainder when v is divided by b?
8
Let z(b) = -b**3 - 18*b**2 + b + 14. Let d be z(-11). Let t = d + 578. Let o = t - -382. What is the remainder when o is divided by 39?
38
What is the remainder when 1171 is divided by (-46)/(-5)*20/8?
21
Let d = -78 + 168. Calculate the remainder when d is divided by 27.
9
Let z be (-2)/(-3) + (-26)/3. Let w be (-75)/(-4) + (-2)/z. Suppose -7*u - w = -8*u. What is the remainder when u is divided by 5?
4
Suppose -6 = -3*f + 9. Suppose 0*o + 38 = o - f*n, 4 = 2*n. Let k(u) = 11*u**2 - 2*u - 3. Calculate the remainder when o is divided by k(-1).
8
Suppose 4*u + 1248 - 132 = 2*f, -3*f - u = -1646. Calculate the remainder when f is divided by 23.
21
Let s(f) = 56*f + 260. What is the remainder when 77 is divided by s(-4)?
5
Let g(i) = 79*i + 1 + 5 - 4 - 3. Suppose 24 = a + 5*s - 4*s, 0 = 2*s - 8. Calculate the remainder when g(1) is divided by a.
18
Let i = -138 - -309. Calculate the remainder when i is divided by 20.
11
Let i be 0*(-2)/6 - 5. Suppose 3*n = -2*j + 5*j + 45, -j - 23 = n. Let r = i - j. Calculate the remainder when 53 is divided by r.
11
Let s = 44 + 43. Let p(h) = h**3 - 2*h**2 - 4*h + 6. Calculate the remainder when s is divided by p(4).
21
Let u = -9 - -22. Suppose 4*c - 90 = -z, -z - 3*z = 5*c - 107. What is the remainder when c is divided by u?
10
Suppose 26*v = -0*v + 4238. What is the remainder when v is divided by 34?
27
Let a = -208 + 228. What is the remainder when 96 is divided by a?
16
Let a = 1728 - 1676. Let r(t) = t**3 - 11*t**2 + 13*t + 11. Calculate the remainder when r(11) is divided by a.
50
Let k be (-10)/8*(5 - 9). Suppose 4*l + 24 = k*l. Calculate the remainder when l is divided by 22/(-33) + 82/6.
11
Calculate the remainder when 5 - -15 - (2 - -2 - 4) is divided by 7.
6
Let r(n) = n**3 - 3*n**2 - 6*n + 6. Suppose -2*l = f + 5, 0 = f + 4*f + l - 20. Calculate the remainder when r(f) is divided by -4 - (-13 + (-6 - -7)).
2
Let c(v) = 99*v - 689. What is the remainder when (2*2)/(2/5) is divided by c(7)?
2
Let v(q) = -q**2 - 18*q - 33. Calculate the remainder when 67 is divided by v(-14).
21
Let n(a) be the second derivative of -a**5/20 + 13*a**4/12 - 2*a**3/3 - 13*a**2 + 12*a. What is the remainder when n(12) is divided by 24?
22
Suppose l - 10 = -0*v + 5*v, -44 = -2*l - 2*v. What is the remainder when 54 is divided by l?
14
Let s = -90 + 90. Suppose 0 = 2*w + 3*z + 4 - 112, 4*w + 5*z - 212 = s. Calculate the remainder when 142 is divided by w.
46
Let v be (0 + (-4)/5)/((-52)/3900). Let n = 72 - v. What is the remainder when 22 is divided by n?
10
Suppose 7*f - 3*f = 104. Calculate the remainder when 42 is divided by f.
16
Let y(l) be the first derivative of -2*l**2 - 8*l - 12. Calculate the remainder when 31 is divided by y(-4).
7
Let p(y) be the second derivative of y**5/20 + y**4/2 + 2*y**3/3 + y**2/2 - 13*y. Let b(s) = -2*s - 4. What is the remainder when p(-5) is divided by b(-4)?
2
Suppose 5*r = 3*r. Suppose -4 = 4*s, r*s = -4*u + 2*s + 62. Suppose 2*l = u + 29. What is the remainder when 41 is divided by l?
19
Calculate the remainder when (0 + 45/(-20))/(3/(-56)) is divided by ((0 - 4) + -1)/(3/(-9)).
12
Let a(s) = -19*s**2 + 3*s + 8. Let d be a(-2). Let x = -53 - d. What is the remainder when x is divided by 11?
10
Let q(j) be the second derivative of j**5/20 + 7*j**4/6 - 17*j**3/6 - 8*j**2 + 4*j. Calculate the remainder when 53 is divided by q(-15).
11
Let m be 93/(3 + 2 + -4). Suppose k = -5, 3*d - 2*k - k = m. Calculate the remainder when 48 is divided by d.
22
Let v = -1 - 0. Let l(u) = 4*u**2 + u. Let g be l(v). Suppose -5*i = 2*n - 43 + 4, 0 = -5*n - g*i + 107. What is the remainder when 63 is divided by n?
19
Let q(z) = z**2 - 4*z - 10. Let g be q(6). Suppose -2*f + f + 33 = -g*n, 0 = 4*f + 2*n - 112. What is the remainder when f is divided by 8?
5
Let n(y) = 14*y**2 - 69*y + 3. Calculate the remainder when 42 is divided by n(5).
2
Let c be 16/(-3) - (-9)/27. Let p(a) = -4*a + 16. Calculate the remainder when p(c) is divided by 13.
10
Suppose -3343 = -50*z - 143. Calculate the remainder when z is divided by 49.
15
Let t(v) = -v**3 + 10*v**2 + 8*v + 22. Let o be t(11). Let f(m) = m**3 + 12*m**2 + 10*m + 2. Calculate the remainder when 48 is divided by f(o).
9
Suppose -q = 2*q - 240. Suppose -3*y + q = 5*o, -4*y + 48 = -o - 74. Calculate the remainder when 148 is divided by y.
28
Let g be (-4 - (-14)/4)*-4. Suppose -g*h + 55 - 17 = -b, 4*b + 84 = 4*h. Calculate the remainder when h is divided by -2*(-1)/4*12.
5
Let c be (-11)/((-33)/(-6)) - -2. Let m(p) = -2